{"id":1963,"date":"2025-03-02T15:51:25","date_gmt":"2025-03-02T15:51:25","guid":{"rendered":"https:\/\/coupdepouce.net\/wordpress\/?page_id=1963"},"modified":"2025-03-02T18:25:36","modified_gmt":"2025-03-02T18:25:36","slug":"art-will-save-the-world-tolstoi","status":"publish","type":"page","link":"https:\/\/coupdepouce.net\/wordpress\/index.php\/art-will-save-the-world-tolstoi\/","title":{"rendered":"Art will save the world (Tolstoi)"},"content":{"rendered":"\n<figure class=\"wp-block-embed is-type-video is-provider-youtube wp-block-embed-youtube wp-embed-aspect-16-9 wp-has-aspect-ratio\"><div class=\"wp-block-embed__wrapper\">\n<iframe loading=\"lazy\" title=\"Roberto Alagna NewYear2025   Art &amp; Philanthropy by Uningo 2 2\" width=\"740\" height=\"416\" src=\"https:\/\/www.youtube.com\/embed\/Arb-i65MSiw?feature=oembed\" frameborder=\"0\" allow=\"accelerometer; autoplay; clipboard-write; encrypted-media; gyroscope; picture-in-picture; web-share\" referrerpolicy=\"strict-origin-when-cross-origin\" allowfullscreen><\/iframe>\n<\/div><\/figure>\n\n\n\n<figure class=\"wp-block-video\"><video height=\"1080\" style=\"aspect-ratio: 1920 \/ 1080;\" width=\"1920\" controls src=\"https:\/\/coupdepouce.net\/wordpress\/wp-content\/uploads\/2025\/03\/LDFP-2.mp4\"><\/video><\/figure>\n\n\n\n<figure class=\"wp-block-video\"><video height=\"1080\" style=\"aspect-ratio: 1920 \/ 1080;\" width=\"1920\" controls src=\"https:\/\/coupdepouce.net\/wordpress\/wp-content\/uploads\/2025\/03\/Art-zeinamoussalli.eu_.mp4\"><\/video><\/figure>\n\n\n\n<div class=\"wp-block-media-text is-stacked-on-mobile\" style=\"grid-template-columns:53% auto\"><figure class=\"wp-block-media-text__media\"><img loading=\"lazy\" decoding=\"async\" width=\"1024\" height=\"768\" src=\"https:\/\/coupdepouce.net\/wordpress\/wp-content\/uploads\/2025\/03\/3CB13C46-B919-43B4-BBF0-26E54C84E1B8-1-scaled-1024x768.jpg\" alt=\"\" class=\"wp-image-1984 size-full\" srcset=\"https:\/\/coupdepouce.net\/wordpress\/wp-content\/uploads\/2025\/03\/3CB13C46-B919-43B4-BBF0-26E54C84E1B8-1-scaled-1024x768.jpg 1024w, https:\/\/coupdepouce.net\/wordpress\/wp-content\/uploads\/2025\/03\/3CB13C46-B919-43B4-BBF0-26E54C84E1B8-1-scaled-300x225.jpg 300w, https:\/\/coupdepouce.net\/wordpress\/wp-content\/uploads\/2025\/03\/3CB13C46-B919-43B4-BBF0-26E54C84E1B8-1-768x576.jpg 768w, https:\/\/coupdepouce.net\/wordpress\/wp-content\/uploads\/2025\/03\/3CB13C46-B919-43B4-BBF0-26E54C84E1B8-1-scaled-1536x1152.jpg 1536w, https:\/\/coupdepouce.net\/wordpress\/wp-content\/uploads\/2025\/03\/3CB13C46-B919-43B4-BBF0-26E54C84E1B8-1-scaled-2048x1536.jpg 2048w, https:\/\/coupdepouce.net\/wordpress\/wp-content\/uploads\/2025\/03\/3CB13C46-B919-43B4-BBF0-26E54C84E1B8-1-2000x1500.jpg 2000w\" sizes=\"auto, (max-width: 1024px) 100vw, 1024px\" \/><\/figure><div class=\"wp-block-media-text__content\">\n<p class=\"has-text-align-center\">European Heritage Days 2021    <strong>HOME<\/strong> <strong>POP-UP ART MUSEUM (LU)<\/strong><\/p>\n\n\n\n<p class=\"has-text-align-center\">Projection de masques antiques du Congo RD de collections priv\u00e9es, du Mus\u00e9e de Tervueren et L. Cannoot &#8211; Gallery ILUNGA. <strong>Avec la participation des artistes Ann Vinck, Marie-France Philipps, Frank Jons, Christina Nicoletti, Zeina Moussalli<\/strong><\/p>\n<\/div><\/div>\n\n\n\n<p><strong>PHILANTROUPE MUSIQCIT\u00c9 2022- CONSERVATOIRE DE LA VILLE DE LUXEMBOURG<\/strong> : <\/p>\n\n\n\n<figure class=\"wp-block-video\"><video height=\"480\" style=\"aspect-ratio: 848 \/ 480;\" width=\"848\" src=\"https:\/\/coupdepouce.net\/wordpress\/wp-content\/uploads\/2025\/03\/VID-20220429-WA0014.mp4\"><\/video><\/figure>\n\n\n\n<h2 class=\"wp-block-heading has-text-align-center\">Organisation de mini-concerts et b\u00e9n\u00e9ficiaires du CD Coup de Pouce de l&rsquo;artiste chanteur &amp; compositeur Carry Life; d\u00e9clamation de po\u00e9sie et d\u00e9dicace de la nouvelle <em>une saison familiale<\/em> au Festival des Migrations; d\u00e9fil\u00e9s de mode avec des cr\u00e9ations uniques en tissus recycl\u00e9s Grand-Rue -Luxembourg ville- pour la Journ\u00e9e du B\u00e9n\u00e9volat et \u00e0 la R\u00e9sidence de l&rsquo;Ambassade de Gr\u00e8ce (LU) avec l&rsquo;Aisbl Femmes d&rsquo;Europe et le designer Robel.<\/h2>\n\n\n\n<p><\/p>\n","protected":false},"excerpt":{"rendered":"<p>European Heritage Days 2021 HOME POP-UP ART MUSEUM (LU) Projection de masques antiques du Congo RD de collections priv\u00e9es, du Mus\u00e9e de Tervueren et L. Cannoot &#8211; Gallery ILUNGA. Avec la participation des artistes Ann Vinck, Marie-France Philipps, Frank Jons, Christina Nicoletti, Zeina Moussalli PHILANTROUPE MUSIQCIT\u00c9 2022- CONSERVATOIRE DE LA VILLE DE LUXEMBOURG : Organisation &hellip; <a href=\"https:\/\/coupdepouce.net\/wordpress\/index.php\/art-will-save-the-world-tolstoi\/\" class=\"more-link\">Lire la suite <span class=\"screen-reader-text\">Art will save the world (Tolstoi)<\/span><\/a><\/p>\n","protected":false},"author":1,"featured_media":0,"parent":0,"menu_order":0,"comment_status":"closed","ping_status":"closed","template":"","meta":{"footnotes":""},"class_list":["post-1963","page","type-page","status-publish","hentry"],"_links":{"self":[{"href":"https:\/\/coupdepouce.net\/wordpress\/index.php\/wp-json\/wp\/v2\/pages\/1963","targetHints":{"allow":["GET"]}}],"collection":[{"href":"https:\/\/coupdepouce.net\/wordpress\/index.php\/wp-json\/wp\/v2\/pages"}],"about":[{"href":"https:\/\/coupdepouce.net\/wordpress\/index.php\/wp-json\/wp\/v2\/types\/page"}],"author":[{"embeddable":true,"href":"https:\/\/coupdepouce.net\/wordpress\/index.php\/wp-json\/wp\/v2\/users\/1"}],"replies":[{"embeddable":true,"href":"https:\/\/coupdepouce.net\/wordpress\/index.php\/wp-json\/wp\/v2\/comments?post=1963"}],"version-history":[{"count":6,"href":"https:\/\/coupdepouce.net\/wordpress\/index.php\/wp-json\/wp\/v2\/pages\/1963\/revisions"}],"predecessor-version":[{"id":2001,"href":"https:\/\/coupdepouce.net\/wordpress\/index.php\/wp-json\/wp\/v2\/pages\/1963\/revisions\/2001"}],"wp:attachment":[{"href":"https:\/\/coupdepouce.net\/wordpress\/index.php\/wp-json\/wp\/v2\/media?parent=1963"}],"curies":[{"name":"wp","href":"https:\/\/api.w.org\/{rel}","templated":true}]}}

<figure class="wp-block-embed is-type-video is-provider-youtube wp-block-embed-youtube wp-embed-aspect-16-9 wp-has-aspect-ratio"><div class="wp-block-embed__wrapper">
<iframe loading="lazy" title="Roberto Alagna NewYear2025   Art &amp; Philanthropy by Uningo 2 2" width="740" height="416" src="https://www.youtube.com/embed/Arb-i65MSiw?feature=oembed" frameborder="0" allow="accelerometer; autoplay; clipboard-write; encrypted-media; gyroscope; picture-in-picture; web-share" referrerpolicy="strict-origin-when-cross-origin" allowfullscreen></iframe>
</div></figure>



<figure class="wp-block-video"><video height="1080" style="aspect-ratio: 1920 / 1080;" width="1920" controls src="https://coupdepouce.net/wordpress/wp-content/uploads/2025/03/LDFP-2.mp4"></video></figure>



<figure class="wp-block-video"><video height="1080" style="aspect-ratio: 1920 / 1080;" width="1920" controls src="https://coupdepouce.net/wordpress/wp-content/uploads/2025/03/Art-zeinamoussalli.eu_.mp4"></video></figure>



<div class="wp-block-media-text is-stacked-on-mobile" style="grid-template-columns:53% auto"><figure class="wp-block-media-text__media"><img loading="lazy" decoding="async" width="1024" height="768" src="https://coupdepouce.net/wordpress/wp-content/uploads/2025/03/3CB13C46-B919-43B4-BBF0-26E54C84E1B8-1-scaled-1024x768.jpg" alt="" class="wp-image-1984 size-full" srcset="https://coupdepouce.net/wordpress/wp-content/uploads/2025/03/3CB13C46-B919-43B4-BBF0-26E54C84E1B8-1-scaled-1024x768.jpg 1024w, https://coupdepouce.net/wordpress/wp-content/uploads/2025/03/3CB13C46-B919-43B4-BBF0-26E54C84E1B8-1-scaled-300x225.jpg 300w, https://coupdepouce.net/wordpress/wp-content/uploads/2025/03/3CB13C46-B919-43B4-BBF0-26E54C84E1B8-1-768x576.jpg 768w, https://coupdepouce.net/wordpress/wp-content/uploads/2025/03/3CB13C46-B919-43B4-BBF0-26E54C84E1B8-1-scaled-1536x1152.jpg 1536w, https://coupdepouce.net/wordpress/wp-content/uploads/2025/03/3CB13C46-B919-43B4-BBF0-26E54C84E1B8-1-scaled-2048x1536.jpg 2048w, https://coupdepouce.net/wordpress/wp-content/uploads/2025/03/3CB13C46-B919-43B4-BBF0-26E54C84E1B8-1-2000x1500.jpg 2000w" sizes="auto, (max-width: 1024px) 100vw, 1024px" /></figure><div class="wp-block-media-text__content">
<p class="has-text-align-center">European Heritage Days 2021    <strong>HOME</strong> <strong>POP-UP ART MUSEUM (LU)</strong></p>



<p class="has-text-align-center">Projection de masques antiques du Congo RD de collections privées, du Musée de Tervueren et L. Cannoot &#8211; Gallery ILUNGA. <strong>Avec la participation des artistes Ann Vinck, Marie-France Philipps, Frank Jons, Christina Nicoletti, Zeina Moussalli</strong></p>
</div></div>



<p><strong>PHILANTROUPE MUSIQCITÉ 2022- CONSERVATOIRE DE LA VILLE DE LUXEMBOURG</strong> : </p>



<figure class="wp-block-video"><video height="480" style="aspect-ratio: 848 / 480;" width="848" src="https://coupdepouce.net/wordpress/wp-content/uploads/2025/03/VID-20220429-WA0014.mp4"></video></figure>



<h2 class="wp-block-heading has-text-align-center">Organisation de mini-concerts et bénéficiaires du CD Coup de Pouce de l&rsquo;artiste chanteur &amp; compositeur Carry Life; déclamation de poésie et dédicace de la nouvelle <em>une saison familiale</em> au Festival des Migrations; défilés de mode avec des créations uniques en tissus recyclés Grand-Rue -Luxembourg ville- pour la Journée du Bénévolat et à la Résidence de l&rsquo;Ambassade de Grèce (LU) avec l&rsquo;Aisbl Femmes d&rsquo;Europe et le designer Robel.</h2>



<p></p>

<p>European Heritage Days 2021 HOME POP-UP ART MUSEUM (LU) Projection de masques antiques du Congo RD de collections privées, du Musée de Tervueren et L. Cannoot &#8211; Gallery ILUNGA. Avec la participation des artistes Ann Vinck, Marie-France Philipps, Frank Jons, Christina Nicoletti, Zeina Moussalli PHILANTROUPE MUSIQCITÉ 2022- CONSERVATOIRE DE LA VILLE DE LUXEMBOURG : Organisation &hellip; <a href="https://coupdepouce.net/wordpress/index.php/art-will-save-the-world-tolstoi/" class="more-link">Lire la suite <span class="screen-reader-text">Art will save the world (Tolstoi)</span></a></p>
